rs of d?
2, 5, 11, 29
Let i be -2*1/(4/8). Let b = i + 6. Suppose -b*s + 138 = 3*y, 3*y - s - 4*s = 117. List the prime factors of y.
2, 11
Suppose -4*j = -4*u + 52, 0 = -j - 0 + 5. Let z(w) = -w**2 + 26*w - 44. What are the prime factors of z(u)?
2, 5
Let p = 9 + 13. Let r = p - 16. Suppose -5*l = -r*l + 49. List the prime factors of l.
7
Let u = 960 + -554. What are the prime factors of u?
2, 7, 29
Let m = 6 + 294. Suppose 4*d + 276 = 4*b, 4*b = -d - 3*d + m. List the prime factors of b.
2, 3
Let z(y) = 2*y**2 - 6*y + 11. Let v be z(9). Suppose -3*p - 3*n + 10 + v = 0, -5*p + n + 233 = 0. List the prime factors of p.
2, 23
Let l(c) = 51*c**2 + 681*c - 20. List the prime factors of l(-15).
2, 5, 31
Let y(z) = -5*z**3 + 15*z**2 + 18*z + 10. List the prime factors of y(-5).
2, 5, 23
Suppose 3*v - 64 = -k + 5*v, 0 = 3*k + 3*v - 147. List the prime factors of k.
2, 3
Suppose 0*u - 12 = -3*u. Let n be 1 - (u/2 - -2). List the prime factors of 41 - 2*n/(-6).
2, 5
Suppose -29*w + 180 = -11*w. Let u(p) = p**3 - 6*p**2 - 34*p + 12. What are the prime factors of u(w)?
2, 3
Suppose 0 = -2*b + 2*t + 11002, 5*b + 3*t = 19996 + 7485. What are the prime factors of b?
2, 2749
Suppose -5*x + 0 + 5 = 0, 4*r - 4*x - 7420 = 0. Suppose 10*w - r + 726 = 0. What are the prime factors of w?
113
Let f = -1518 + 2496. List the prime factors of f.
2, 3, 163
Suppose 0 = -5*h - t - 3*t - 62, -4*h = 3*t + 49. Let f = h - -8. What are the prime factors of 26 + (-1 - (0 - f))?
23
Let s(k) = 244*k + 11. What are the prime factors of s(3)?
743
Let v(y) = -5*y**2 - 65*y - 29. Let m be v(-13). Suppose -5*g + 175 = 2*j, 22 = g + 2*j + j. Let o = g - m. What are the prime factors of o?
2, 3, 11
Suppose 2*c - 3*u = 1, -5*c + 0*c + 5*u = -5. Suppose c*v = 7 + 125. Let h = v + -46. What are the prime factors of h?
2, 5
What are the prime factors of 3212 - (-5 - (-10 + 4))?
13, 19
Let i(y) = 6*y + 7. Let t(g) = 13*g + 15. Let v(o) = -7*i(o) + 3*t(o). Let f be v(-2). List the prime factors of (-16 + 2)/(f + -4).
7
List the prime factors of (2028 - -4)*1 + -1.
3, 677
Let r be (-1)/(0 + (-2)/10). Suppose 5*u - 33 + 43 = 0. Let a = u + r. List the prime factors of a.
3
Let n be -3 - 3/((-15)/35). Suppose j + 7 = -z + 68, 4*j = n*z - 236. Suppose -2*p + z = -4*y, 3*y = 4*p + 6*y - 76. What are the prime factors of p?
2, 11
Suppose 0 = 19*f - 33*f + 61390. List the prime factors of f.
5, 877
Let c = 1466 - 780. What are the prime factors of c?
2, 7
Suppose 12*q - 24*q = -48. Suppose -q*n = -3*k + 616, 5*k - 396 = n + 642. List the prime factors of k.
2, 13
Let f(l) = 3*l + 8. Let g(i) = i - 1. Let w = -6 - -7. Let n(a) = w*f(a) + 3*g(a). What are the prime factors of n(4)?
29
Let r be (-4)/(-14) + (-472)/(-14). Let a = -29 + r. What are the prime factors of a?
5
Let r(s) = 489*s + 6. What are the prime factors of r(1)?
3, 5, 11
Let k be (0 + 9)*(12 - 13). What are the prime factors of (-52)/(-12) + -5 - 537/k?
59
Suppose -4*j = -2*j + 5*r + 99, 4*j + 4*r = -228. Suppose 160 = -2*u - 3*u. Let q = u - j. What are the prime factors of q?
2, 3, 5
Let a be 3*(2 - (-3)/(-3)). Suppose -2*d + 7 = a*x, 3*d - 4*x + 0 = 2. Suppose -5*j - 5*b + 290 = 0, d*b - 279 = -4*j - 43. What are the prime factors of j?
2, 3, 5
Suppose 22*v = 23*v - 2. Let p be ((-24)/10)/(4/(-90)). Suppose p = v*o + 10. List the prime factors of o.
2, 11
Let d(f) = f**2 - 7*f - 11. Let t be d(8). Let v be (-2 - (-32)/12)*t. Let m(k) = -6*k**3 - 2*k**2 + k - 2. List the prime factors of m(v).
2, 3
Let j(t) = t**3 - 10*t**2 + 19*t - 6. Suppose -2*f = 3*s - 32, 6*s - 3*s - 20 = f. List the prime factors of j(s).
2, 3
Let c(k) be the first derivative of -k**4/12 + 5*k**3/6 + 3*k**2 + 6*k - 6. Let i(w) be the first derivative of c(w). List the prime factors of i(5).
2, 3
What are the prime factors of (-17)/19 - -1 - 70816/(-152)?
2, 233
Suppose -3*b = -r - 15107, 3*r + 2*r = 3*b - 15103. List the prime factors of b.
2, 1259
Suppose 97*g + 35616 = 109*g. List the prime factors of g.
2, 7, 53
Let r(k) = -24*k + 28. Let l be 4/6*(3 - 84/8). List the prime factors of r(l).
2, 37
Suppose 4 = 4*o + 196. Let s = -46 + 22. Let v = s - o. What are the prime factors of v?
2, 3
Let w(s) = -2*s**3 + s + 2. Let k be w(2). Let p = k - -16. List the prime factors of (p/6)/((-6)/(-279)).
31
Suppose 8*n = 13*n + 10. List the prime factors of 250/4 + 3/n.
61
Suppose -3*q - 6 = -3*x - 0, 0 = -5*x + 3*q. Let r = x + 12. Let g = 30 - r. What are the prime factors of g?
3, 7
Let r(l) = l - 1. Let g(m) = m - 145. Let h(u) = -g(u) + 3*r(u). List the prime factors of h(0).
2, 71
Suppose -a - 1060 = -5*i - 235, a - 5 = 0. List the prime factors of i.
2, 83
Let k be (-47 + -3)/(7/(-35)). Let q = k - 176. List the prime factors of q.
2, 37
Let w(s) = 6*s**2 - 2*s - 1. Let r be w(2). Let o = r - 13. What are the prime factors of (-2)/(-6) + 70/o?
2, 3
Suppose -2*o + 24 = 3*m, -3*m + 2 - 41 = -5*o. Let n be (-18)/(-8) + o/12. Suppose 3*s - 7*s = 5*w - 84, 4*w = -n*s + 62. List the prime factors of s.
2, 13
Let n(l) = 4*l**2 + 12*l - 231. List the prime factors of n(8).
11
Let s(h) = -h - 8. Suppose 0*j + 3*j - 5 = k, 0 = k - 5*j + 3. Let w be s(k). Suppose w = -3*f + 9 + 195. What are the prime factors of f?
2, 17
Let p be 7*1 + (4 - 6). Let z(k) = -k + 10. Let u be z(p). Suppose -u*f = -5*l - 205, 0 = -5*f - 2*l + 6*l + 205. List the prime factors of f.
41
Let z(s) = -s**3 + 6*s**2 + 9*s - 9. Let a be (1 - -9) + -27 + 23. List the prime factors of z(a).
3, 5
Let f = 418 - 114. Suppose 0 = 3*h + d - 426 + 125, -4*d + f = 3*h. Suppose 0*r = -5*r + h. List the prime factors of r.
2, 5
Let y = -1176 - -3747. List the prime factors of y.
3, 857
Let a(m) = 6*m + 3. Let p be a(-2). Let g be ((-6)/p)/((-1)/(-6)). Suppose o = g*s - 90, -2*s - 3*o = -5*s + 72. List the prime factors of s.
2, 11
What are the prime factors of (-186)/(-4)*(-800)/(-30)?
2, 5, 31
Suppose 0 = 5*a - 44 - 1. Suppose b - a = 55. List the prime factors of b.
2
Let c(p) = 4*p + 86. Let z be c(-14). Let b(w) = -w**2 + 8*w - 12. Let o be b(8). Let i = z + o. What are the prime factors of i?
2, 3
Let m = -37 + 20. What are the prime factors of (-6)/2 - 833/m?
2, 23
Let q be (-6555)/35 + (-2)/(-7). What are the prime factors of 1/2 + (q/(-2) - 0)?
2, 47
Let z = 4279 + -2409. List the prime factors of z.
2, 5, 11, 17
List the prime factors of (394/(-3))/(138/(-1242)).
2, 3, 197
Suppose u + 11 - 18 = 0. What are the prime factors of (u - 24)/(1/(-2))?
2, 17
Let v(d) = 6*d**2 + 5*d - 189. What are the prime factors of v(14)?
7, 151
Suppose -8*n - 1 = -81. Suppose -66 = 9*p - n*p. What are the prime factors of p?
2, 3, 11
Suppose 3*c - l - 4*l = 40, 2*c - 2*l - 24 = 0. Suppose -4*w + 16 = -2*r - 2*r, -5*w + c = 5*r. Let x = 34 + w. What are the prime factors of x?
37
List the prime factors of (-10)/(-65) + (-6485)/(-13).
499
Let i(z) = -355*z - 45. Let h be i(-7). Suppose 0 = -21*u + u + h. List the prime factors of u.
2, 61
Let t = -16 - -22. Suppose -t*j + 146 = -118. What are the prime factors of j?
2, 11
Suppose 5*j + 3*o - 2*o - 7585 = 0, 4558 = 3*j + 2*o. List the prime factors of j.
2, 379
Suppose 66*j - 63*j - 3954 = 0. What are the prime factors of j?
2, 659
Let m be (-6)/(-2) + 147 + -4. Suppose 370 = 5*l - 5*q, -q = 4*l - m - 125. List the prime factors of l.
3, 23
Let h(l) = -6*l + 5 + 3 - 8*l + 13*l. Let j be h(6). Suppose -j*c - 1 = -3*m + 1, -8 = -4*c. List the prime factors of m.
2
Suppose -3*a + 1 = -2*a. Let g be (-4 + a)/3 - 1. Let t = g - -9. List the prime factors of t.
7
Suppose -94*z + 95*z = 823. What are the prime factors of z?
823
Suppose 5*z = 3*z + 10, -3660 = -5*t + z. List the prime factors of t.
733
List the prime factors of -9*1 + 81400/50.
1619
Suppose 3*t = -f + 733, -3*t = -4*f - t + 2974. List the prime factors of f.
2, 7, 53
Suppose -13*n - 3250 + 46787 = 0. List the prime factors of n.
17, 197
Let n(v) = -v**3 + v**2 + v - 2. Let o be n(0). Let u(a) = -a**2 - 17*a - 4. Let b be u(-5). List the prime factors of o/(-7) - (-488)/b.
3
Let u(x) = -x**3 + 5*x**2 - 4*x + 3. Let z be u(4). Suppose z*a = a - 12. What are the prime factors of a/(-15) + 540/25?
2, 11
Let d = 63 - 37. Let n = 80 - d. What are the prime factors of n?
2, 3
Suppose -w + 25 = 2*g, 24 + 8 = 2*w - 5